{"id":7,"date":"2017-09-23T14:20:25","date_gmt":"2017-09-23T12:20:25","guid":{"rendered":"http:\/\/paxymax.com\/?page_id=7"},"modified":"2017-09-23T14:31:11","modified_gmt":"2017-09-23T12:31:11","slug":"accueil","status":"publish","type":"page","link":"https:\/\/paxymax.com\/","title":{"rendered":"Accueil"},"content":{"rendered":"<p>Bienvenu sur Paxymax.com<\/p>\n<p>Cette page vise principalement \u00e0 vous pr\u00e9senter mes cr\u00e9ations culinaires ainsi que, subsidiairement, des d\u00e9couvertes en mati\u00e8re de bouffe.<\/p>\n<p>Elle vise \u00e9galement \u00e0 vous donner la possibilit\u00e9 de voir ce que je pourrais vous offrir pour un \u00e9v\u00e9nement particulier ou juste pour le plaisir!<\/p>\n","protected":false},"excerpt":{"rendered":"<p>Bienvenu sur Paxymax.com Cette page vise principalement \u00e0 vous pr\u00e9senter mes cr\u00e9ations culinaires ainsi que, subsidiairement, des d\u00e9couvertes en mati\u00e8re de bouffe. Elle vise \u00e9galement \u00e0 vous donner la possibilit\u00e9 de voir ce que je pourrais vous offrir pour un \u00e9v\u00e9nement particulier ou juste pour le plaisir!<\/p>\n","protected":false},"author":1,"featured_media":0,"parent":0,"menu_order":0,"comment_status":"closed","ping_status":"closed","template":"","meta":{"footnotes":""},"class_list":["post-7","page","type-page","status-publish","hentry"],"_links":{"self":[{"href":"https:\/\/paxymax.com\/index.php\/wp-json\/wp\/v2\/pages\/7"}],"collection":[{"href":"https:\/\/paxymax.com\/index.php\/wp-json\/wp\/v2\/pages"}],"about":[{"href":"https:\/\/paxymax.com\/index.php\/wp-json\/wp\/v2\/types\/page"}],"author":[{"embeddable":true,"href":"https:\/\/paxymax.com\/index.php\/wp-json\/wp\/v2\/users\/1"}],"replies":[{"embeddable":true,"href":"https:\/\/paxymax.com\/index.php\/wp-json\/wp\/v2\/comments?post=7"}],"version-history":[{"count":3,"href":"https:\/\/paxymax.com\/index.php\/wp-json\/wp\/v2\/pages\/7\/revisions"}],"predecessor-version":[{"id":38,"href":"https:\/\/paxymax.com\/index.php\/wp-json\/wp\/v2\/pages\/7\/revisions\/38"}],"wp:attachment":[{"href":"https:\/\/paxymax.com\/index.php\/wp-json\/wp\/v2\/media?parent=7"}],"curies":[{"name":"wp","href":"https:\/\/api.w.org\/{rel}","templated":true}]}}